List the prime factors of 20820.
2, 3, 5, 347
List the prime factors of 1167.
3, 389
List the prime factors of 976.
2, 61
List the prime factors of 3833.
3833
List the prime factors of 1440.
2, 3, 5
What are the prime factors of 483?
3, 7, 23
What are the prime factors of 8002?
2, 4001
List the prime factors of 159055.
5, 13, 2447
What are the prime factors of 16688?
2, 7, 149
List the prime factors of 18978.
2, 3, 3163
List the prime factors of 1084.
2, 271
What are the prime factors of 11222?
2, 31, 181
What are the prime factors of 49149?
3, 43, 127
List the prime factors of 965.
5, 193
What are the prime factors of 110274?
2, 3, 18379
List the prime factors of 887.
887
What are the prime factors of 23491?
13, 139
What are the prime factors of 9255?
3, 5, 617
What are the prime factors of 55447?
7, 89
List the prime factors of 2121.
3, 7, 101
What are the prime factors of 20641?
20641
What are the prime factors of 669?
3, 223
List the prime factors of 12793.
11, 1163
What are the prime factors of 3063?
3, 1021
List the prime factors of 8667.
3, 107
What are the prime factors of 72470?
2, 5, 7247
What are the prime factors of 672?
2, 3, 7
What are the prime factors of 798?
2, 3, 7, 19
What are the prime factors of 27221?
163, 167
What are the prime factors of 420?
2, 3, 5, 7
List the prime factors of 18250.
2, 5, 73
What are the prime factors of 42671?
71, 601
What are the prime factors of 598?
2, 13, 23
List the prime factors of 83604.
2, 3, 6967
List the prime factors of 36171.
3, 4019
What are the prime factors of 75364?
2, 83, 227
List the prime factors of 486.
2, 3
What are the prime factors of 806?
2, 13, 31
What are the prime factors of 2279?
43, 53
List the prime factors of 904.
2, 113
List the prime factors of 149064.
2, 3, 6211
List the prime factors of 39310.
2, 5, 3931
List the prime factors of 9980.
2, 5, 499
List the prime factors of 40924.
2, 13, 787
List the prime factors of 3452.
2, 863
List the prime factors of 178574.
2, 11, 8117
What are the prime factors of 59883?
3, 19961
What are the prime factors of 14212?
2, 11, 17, 19
What are the prime factors of 309?
3, 103
What are the prime factors of 70776?
2, 3, 983
What are the prime factors of 45022?
2, 22511
List the prime factors of 63426.
2, 3, 11, 31
List the prime factors of 11634.
2, 3, 7, 277
What are the prime factors of 27885?
3, 5, 11, 13
What are the prime factors of 876?
2, 3, 73
List the prime factors of 3723.
3, 17, 73
What are the prime factors of 57941?
13, 4457
What are the prime factors of 79613?
79613
List the prime factors of 23998.
2, 13, 71
List the prime factors of 4479.
3, 1493
List the prime factors of 8028.
2, 3, 223
List the prime factors of 1037.
17, 61
List the prime factors of 398.
2, 199
What are the prime factors of 1028?
2, 257
List the prime factors of 41803.
17, 2459
List the prime factors of 11173.
11173
List the prime factors of 689.
13, 53
What are the prime factors of 1622?
2, 811
List the prime factors of 17738.
2, 7, 181
List the prime factors of 17214.
2, 3, 19, 151
List the prime factors of 1171.
1171
What are the prime factors of 1052?
2, 263
What are the prime factors of 2616?
2, 3, 109
List the prime factors of 1085.
5, 7, 31
What are the prime factors of 737?
11, 67
List the prime factors of 19473.
3, 6491
List the prime factors of 150734.
2, 75367
List the prime factors of 27882.
2, 3, 1549
What are the prime factors of 209615?
5, 7, 53, 113
What are the prime factors of 9774?
2, 3, 181
What are the prime factors of 2674?
2, 7, 191
List the prime factors of 115506.
2, 3, 23, 31
What are the prime factors of 988?
2, 13, 19
List the prime factors of 23564.
2, 43, 137
List the prime factors of 10582.
2, 11, 13, 37
List the prime factors of 1687.
7, 241
What are the prime factors of 7634?
2, 11, 347
List the prime factors of 62512.
2, 3907
What are the prime factors of 1035?
3, 5, 23
List the prime factors of 1789.
1789
List the prime factors of 14361.
3, 4787
List the prime factors of 4060.
2, 5, 7, 29
What are the prime factors of 5959?
59, 101
What are the prime factors of 180722?
2, 109, 829
What are the prime factors of 1040?
2, 5, 13
What are the prime factors of 55998?
2, 3, 17, 61
List the prime factors of 888.
2, 3, 37
List the prime factors of 9667.
7, 1381
What are the prime factors of 942?
2, 3, 157
What are the prime factors of 142?
2, 71
What are the prime factors of 16747?
16747
What are the prime factors of 10234?
2, 7, 17, 43
What are the prime factors of 7107?
3, 23, 103
What are the prime factors of 55012?
2, 17, 809
What are the prime factors of 7017?
3, 2339
List the prime factors of 933.
3, 311
List the prime factors of 61.
61
List the prime factors of 68989.
19, 3631
List the prime factors of 145383.
3, 7, 23, 43
What are the prime factors of 6248?
2, 11, 71
What are the prime factors of 104986?
2, 7, 7499
List the prime factors of 952.
2, 7, 17
List the prime factors of 12828.
2, 3, 1069
List the prime factors of 6202.
2, 7, 443
What are the prime factors of 62290?
2, 5, 6229
What are the prime factors of 2645?
5, 23
What are the prime factors of 9597?
3, 7, 457
List the prime factors of 18225.
3, 5
What are the prime factors of 1991?
11, 181
List the prime factors of 624.
2, 3, 13
What are the prime factors of 12623?
13, 971
List the prime factors of 230.
2, 5, 23
What are the prime factors of 52739?
23, 2293
What are the prime factors of 808?
2, 101
List the prime factors of 30309.
3, 10103
List the prime factors of 10525.
5, 421
List the prime factors of 3134.
2, 1567
List the prime factors of 61751.
61751
What are the prime factors of 3705?
3, 5, 13, 19
What are the prime factors of 10301?
10301
What are the prime factors of 7502?
2, 11, 31
List the prime factors of 8250.
2, 3, 5, 11
What are the prime factors of 19976?
2, 11, 227
What are the prime factors of 15085?
5, 7, 431
What are the prime factors of 82378?
2, 41189
What are the prime factors of 42381?
3, 17, 277
What are the prime factors of 4101?
3, 1367
List the prime factors of 6681.
3, 17, 131
List the prime factors of 2366.
2, 7, 13
List the prime factors of 755.
5, 151
What are the prime factors of 2470?
2, 5, 13, 19
List the prime factors of 142.
2, 71
What are the prime factors of 3244?
2, 811
List the prime factors of 2720.
2, 5, 17
What are the prime factors of 16056?
2, 3, 223
What are the prime factors of 5465?
5, 1093
What are the prime factors of 350?
2, 5, 7
What are the prime factors of 5458?
2, 2729
List the prime factors of 1091.
1091
What are the prime factors of 82?
2, 41
What are the prime factors of 277?
277
What are the prime factors of 6084?
2, 3, 13
What are the prime factors of 927?
3, 103
List the prime factors of 16924.
2, 4231
List the prime factors of 941.
941
What are the prime factors of 5480?
2, 5, 137
What are the prime factors of 71923?
71, 1013
What are the prime factors of 79451?
79451
List the prime factors of 13885.
5, 2777
What are the prime factors of 68794?
2, 11, 53, 59
List the prime factors of 123095.
5, 7, 3517
What are the prime factors of 1360?
2, 5, 17
List the prime factors of 7302.
2, 3, 1217
List the prime factors of 8511.
3, 2837
What are the prime factors of 18712?
2, 2339
What are the prime factors of 1345?
5, 269
List the prime factors of 736.
2, 23
List the prime factors of 5176.
2, 647
What are the prime factors of 525?
3, 5, 7
List the prime factors of 26121.
3, 8707
What are the prime factors of 9133?
9133
List the prime factors of 772.
2, 193
What are the prime factors of 2687?
2687
List the prime factors of 791.
7, 113
List the prime factors of 2950.
2, 5, 59
What are the prime factors of 3397?
43, 79
What are the prime factors of 69512?
2, 8689
List the prime factors of 39448.
2, 4931
What are the prime factors of 1099?
7, 157
List the prime factors of 114764.
2, 13, 2207
List the prime factors of 1624.
2, 7, 29
What are the prime factors of 473?
11, 43
What are the prime factors of 49525?
5, 7, 283
What are the prime factors of 77759?
11, 7069
What are the prime factors of 61113?
3, 13, 1567
What are the prime factors of 3966?
2, 3, 661
List the prime factors of 21870.
2, 3, 5
What are the prime factors of 7195?
5, 1439
List the prime factors of 63230.
2, 5, 6323
List the prime f